= u*i - 202. What is the units digit of i?
9
Suppose 307 = 2*h - 443. Let k = 449 - h. What is the tens digit of k?
7
Let w(b) = -620*b**3 + 31*b**2 + 92*b + 10. What is the ten thousands digit of w(-3)?
1
Suppose -21*n + 10*n + 528 = 0. Suppose 4*l = 6*l - n. What is the hundreds digit of 2*((-395)/(-6) - 8/l)?
1
Let g(f) = f**3 - 7*f**2 - f + 35. Let j be g(12). Suppose 4*r = 3*i + j, -4*r + 5*i = i - 740. What is the tens digit of r?
8
Let t(k) = 35*k**2 - 76*k + 1501. What is the thousands digit of t(16)?
9
Let s be (-9)/(36/80) - 1. Let j = s - -20. What is the tens digit of j - (2*57)/(-2)?
5
Let o(a) = 2*a**2 + 78*a + 405. Let y be o(-5). Suppose -4*j - 4*n - 28 = 0, n = 5*j - 2*n + 19. Let g = y + j. What is the tens digit of g?
6
Suppose -4*t - 2*v + 2 - 6 = 0, -5*v - 24 = -4*t. Let m be 25/(-4 - t) + 6. What is the units digit of (-2 - -2)/m + 115?
5
Let u(k) = -k**3 - 14*k**2 + 37*k + 2. Suppose 77 + 42 = -7*g. What is the tens digit of u(g)?
4
Let l = 13001 + -5539. What is the tens digit of l?
6
Let g(u) = u - 8. Let o be g(7). Let s be 15 + -11 + (1 - -176 - o). Suppose -4*n + 6*n = s. What is the units digit of n?
1
Let j(v) = v**2 - 14*v - 39. Let u be j(17). Suppose 4*t = -4*y + 16 + u, -4*y + 4*t - 4 = 0. Suppose -y*z - 169 = -811. What is the hundreds digit of z?
2
Let c(x) = -x**3 - 92*x**2 - 807*x + 1. What is the thousands digit of c(-86)?
5
Let x = 4601 - -5822. What is the thousands digit of x?
0
Let p = -373 - -369. Let q(f) = -8*f**3 + 4*f**2 - 7*f. What is the units digit of q(p)?
4
Let i = 244 + -242. Suppose 14182 = 12*s + i*s. What is the hundreds digit of s?
0
Let j = 103 + -86. Let u be (j/(204/8))/((-1)/(-9)). What is the tens digit of 16/u*(-513)/(-38)?
3
Suppose 2*i = 5*i - 75. Let r = -41 + i. Let g = r + 57. What is the tens digit of g?
4
Let z(a) = 1551*a + 1101. What is the thousands digit of z(14)?
2
Suppose 5*p = 5*n - 13470 - 475, 2*n + 3*p - 5583 = 0. What is the hundreds digit of (-1)/4 - (n/24)/(-1)?
1
Suppose 36*l = 40*l + 5*w - 98774, 0 = 5*l + 2*w - 123493. What is the hundreds digit of l?
7
Suppose 3*i - 5*z = 26, -5*i + 0 + 6 = z. What is the units digit of (-4 + i)*(-3 + -106)?
8
Let l(h) = h**3 - 7*h**2 - 5*h + 14. Suppose 5 + 79 = 7*g. Let d = g + -4. What is the units digit of l(d)?
8
Let t(b) = -3*b**3 + 17*b**2 + 5*b + 7. Let q be t(6). Let f(j) = 316*j**2 - j. What is the hundreds digit of f(q)?
3
Let z(l) = 115*l + 97. Let s be z(-3). Let h = s - -729. What is the hundreds digit of h?
4
Suppose -805*h = -785*h - 195660. What is the units digit of h?
3
Let s be (-1)/(4/(-16)) - 4. Let v be (-2 - s)*(-7 + -241). Suppose 78 + v = 7*x. What is the units digit of x?
2
Let u be ((-1140)/6)/(-5) + 3. Let y = -36 + u. Suppose -y*a - 3*o = -2*a - 288, -4*o - 316 = -3*a. What is the units digit of a?
0
Let h(x) = 8*x - 12. Let r be h(2). Suppose 0*c + 4*c = -r*c. Let d(n) = -n + 109. What is the tens digit of d(c)?
0
Suppose 14*v = 4*v + 12580. Let c = 1934 - v. Suppose -c = -7*g - 32. What is the units digit of g?
2
Suppose -5*j + 6 + 17 = -y, -4*y = -2*j + 20. Suppose 5*z - 1819 + 644 = 0. Suppose 3*d - v = z, j*d = v - 0*v + 314. What is the units digit of d?
9
Let v be (-24)/(-9) - ((-20)/(-12) + -2). Suppose -g = l - 562, v*g + 2*l = 585 + 1099. What is the hundreds digit of g?
5
Let t = -251 - -241. Let q = 511 - t. What is the units digit of q?
1
What is the units digit of ((-58)/(-3))/((-4)/2 + (-219868)/(-109896))?
6
Suppose 3*w = -0*w + 3. Suppose 3*z = -4*i - 3, 2*z + 1 = -4*i - w. Suppose -3*k - k + 8 = i. What is the units digit of k?
2
Let w = -29 + 23. What is the hundreds digit of (-15)/w - 2556/(-8)?
3
Suppose -3*b - 941 = 2*i, -2*i + 4*i + 5*b = -947. Let o = i - -791. Suppose 0*h = 5*h - o. What is the units digit of h?
5
Suppose -5*p - 3*j = -29990, -4*j = -p + 2*p - 6015. What is the tens digit of p?
9
Let c be -28*((-29835)/21 + 3). What is the units digit of 5/3 - c/(-72)?
3
Suppose 401 = -3*o + 506. Suppose 28*k + 9310 = o*k. What is the hundreds digit of k?
3
Suppose 0 = 3*h - 178 + 13. Suppose 8*b = 135 - h. Suppose 0 = -11*s + b*s + 86. What is the units digit of s?
6
Let i be (2/5)/(8/1660). Let q = 216 - i. Suppose -12*p = q - 865. What is the tens digit of p?
6
Let q = -21 + 12. Suppose 6 = l - 8. Let u = q + l. What is the units digit of u?
5
Let h be (-3)/(-6)*16 - 2. Let v(k) be the third derivative of k**5/60 - k**4/24 + k**3/6 - 179*k**2. What is the tens digit of v(h)?
3
Suppose -l + 4 = 5*b + 5, -5*b - 3 = 3*l. Suppose -3*g - 4*a = -577, -3*a = -2*g - b*a + 413. What is the tens digit of g?
9
What is the units digit of 3/((-36)/24870)*24/(-10)?
4
Suppose -3*n - 4*w = -1772, n - 447*w = -452*w + 587. What is the units digit of n?
2
Let r be ((-30)/(-5))/((-4)/(-62)). Let s = r + -38. What is the tens digit of s?
5
Let t = 613 + -207. Suppose -20 = -4*p, 2 = 3*j - p - 2. Suppose -j*r = 4*f - t, -2*f + r + 192 = -3*r. What is the units digit of f?
0
Let d = 26 - 25. What is the tens digit of (1284/24)/(2*d/4)?
0
Suppose 0 = -187*u + 155*u + 154144. What is the tens digit of u?
1
Suppose -3*n = -67 + 55. Suppose 3*q + 3*x = -1320, q + n*q + 2224 = x. Let t = q + 669. What is the hundreds digit of t?
2
Suppose 0 = -2*f + 3*t + 2657, -3*f - 2*f + 6653 = 3*t. Suppose 0 = 4*o - n - f, -9*o + 4*o + 1655 = -5*n. What is the hundreds digit of o?
3
Let x(i) = 8*i**2 + 4*i - 2. Let b be x(1). What is the tens digit of 698/10 + 1/b*2?
7
Suppose 6*j - 50 = -2*t + 4*j, 0 = -2*t + j + 38. Suppose -7781 - 1627 = -t*b. What is the tens digit of b?
4
Suppose -2*i = -3*i + 2. Let f = -272 + 188. What is the tens digit of (-1)/(3/(i*f))?
5
Let u(x) = -x**2 - 18*x + 49. Let o(v) = v**3 + 29*v**2 + 29*v + 12. Let t be o(-28). What is the units digit of u(t)?
1
Let r = 78 + -78. Let f be (-9 + r)/((45/(-380))/3). Suppose -8*c - f = -12*c. What is the tens digit of c?
5
Let o = -771 - -927. What is the hundreds digit of (-9)/((-36)/(-32))*o/(-3)?
4
Suppose -2*m + 21853 = 5*v, -3*v - 5*m = -207 - 12901. Suppose 0 = -2*g - 3*c + 1753, -4*c + 8*c = 5*g - v. What is the hundreds digit of g?
8
Let d = 3577 - 1310. Let r = d - 1089. What is the tens digit of r?
7
Let z be 1/((-5)/(-27875)) - (0 + -2). Suppose -z = -4*j - 1101. What is the units digit of j?
9
Suppose -k + m = -47915, -7*m + 3*m = 32. What is the units digit of k?
7
Let j(w) = 3405*w**2 - 17*w + 25. What is the units digit of j(-4)?
3
Let h(q) = -q - 11. Let y be h(0). Let j be -4 + 21/3 + 102. Let r = y + j. What is the tens digit of r?
9
Suppose 44*p - 235558 = 148484 + 100134. What is the units digit of p?
4
Suppose 0 = -5*w - c + 5*c + 58996, -w = 5*c - 11805. What is the tens digit of w?
0
Let d = 5006 + -629. What is the units digit of d?
7
Suppose a + 886 = -5*g, -2*g - 154 = -3*a + 197. Let z = -259 - g. Let h = z + 210. What is the tens digit of h?
2
Let y = 481 + -475. What is the tens digit of (-11220)/y*(-2 - (-12)/8)?
3
Suppose -10*p = -4*p + 3*p. Suppose 3*g - 3*y - 222 = p, -2*g - y - 38 = -186. What is the tens digit of g?
7
Let i(a) = a**3 + 6*a**2 + 5*a + 6. Let p be i(-4). Suppose -4*c = -2 - 10, 0 = -2*r - 5*c + 1005. Suppose 23*y - p*y - r = 0. What is the tens digit of y?
9
Let q(c) = 0 + 0*c**2 + 13 - 21*c - 1 - 2*c**2. Suppose 80*h = -114 - 686. What is the units digit of q(h)?
2
Let h be 0*((-25)/(-10) + -2). Suppose 0 = 5*t - 10, 5*i + 2*t - 24 = -h*i. Suppose -1023 = -i*q - 7*q. What is the units digit of q?
3
Let c = -313 + 403. Let s = 566 + c. What is the units digit of s?
6
Suppose z + 4 = 0, 11 = -4*c - 3*z - 5. Let j be (-5 - (2 - (3 - c)))/(-1). What is the hundreds digit of (-314)/(-3) - (-1)/j?
1
Let h = -589 + 729. What is the tens digit of 107912/h - (-18)/15?
7
Let h(w) = w**3 - 2*w**2 + 2*w + 2. Let c be h(2). Let y = -3 + c. Suppose -2*k = -y*v - v + 420, -2*v = 4*k - 230. What is the hundreds digit of v?
1
Suppose 1361 = 4*l - 43. Let b = l - -104. What is the hundreds digit of b?
4
Let b(z) = 405*z - 355. What is the units digit of b(50)?
5
Suppose -78*d + 429380 = -8*d. What is the tens digit of d?
3
Suppose -135491 - 733718 = -179*x + 15588. What is the thousands digit of x?
4
Suppose 210*r - 4633635 - 1816215 = 111*r. What is the hundreds digit of r?
1
Let n = 46 - 38. Suppose